
Suppose -5*s = -11*s + 102. What is the units digit of s?
7
Let h = 112 - 61. What is the tens digit of h?
5
Suppose 10 = 5*f - o, -3*f + 2*f + 5*o - 22 = 0. Suppose -4*c - 13 = f. What is the units digit of 1/(-2) - 18/c?
4
Let a(d) be the second derivative of -d**5/20 - d**4/2 - d**3 + d**2 + 4*d. What is the units digit of a(-5)?
7
Let h be 6/(-12) + 1/2. Let n(k) = k + 5. What is the units digit of n(h)?
5
What is the units digit of (-2)/(-4)*(14 - (2 + 2))?
5
Suppose -3*f + 25 = 1. Let u be (10 + -2)/(f/4). Suppose -u*o + 15 = o. What is the units digit of o?
3
Suppose -2*t = -6*t + 140. Let s = t - 11. What is the tens digit of s?
2
Let b(w) be the second derivative of w**4/12 + 3*w**3/2 - 17*w**2/2 + 8*w. What is the tens digit of b(-12)?
1
Let z(h) = 97*h**2 - 4*h + 5. What is the tens digit of z(1)?
9
Suppose 0 = 4*j - 2*x - 10, -4*x = -j + 6*j - 6. Suppose -3*b + 39 = -3*l, 3*b - j*b = 4*l + 25. What is the units digit of b?
9
Let j(l) = 2*l**2 + 10*l + 9. Suppose b = -b - 12. What is the units digit of j(b)?
1
Let i = 59 - 6. What is the units digit of i?
3
Let g be 3 - -1 - (-1)/1. Suppose -u + g*u = -12. What is the units digit of (u/(-9))/((-3)/(-36))?
4
Let o(w) be the second derivative of w**4/6 - 7*w**3/6 - w**2/2 + w. What is the units digit of o(5)?
4
Let i be 2/3*9/6. Suppose -u = i, 4*u = 4*d - 5*d - 22. What is the units digit of (-4 - -5)*d/(-2)?
9
Let y be 164/4 + -3 + 2. What is the tens digit of ((-336)/y)/(4/(-10))?
2
Let p(n) = 11*n**2 - 27*n - 28. Let x(d) = 7*d**2 - 18*d - 19. Let o(i) = 5*p(i) - 8*x(i). Let b be o(9). Suppose t + b = 4*t. What is the units digit of t?
4
Let g be (1/2)/((-2)/(-40)). Let x be (-16)/(-2)*12/16. Let r = g - x. What is the units digit of r?
4
Suppose -17 = -a - 5*x + 2*x, -4*a = -5*x. Suppose f + 3*f + 20 = 0, -a*j + 3*f = -75. What is the units digit of j?
2
Let r(i) = i**2 - 5*i + 6. What is the units digit of r(5)?
6
What is the tens digit of 924/8 + (10/(-4) - -2)?
1
Let x(f) = f**3 + 9*f**2 + 8*f + 2. Let l be 165/(-20) - (-1)/4. What is the units digit of x(l)?
2
Let w(a) = a**2 + 5*a - 7. Suppose 5*z - 12 = 2*k, -3*k - 12 = -k + 4*z. Let y be w(k). What is the units digit of 4 + y + -1 - -4?
6
Let a(h) be the third derivative of -1/120*h**6 + 1/6*h**5 + 4/3*h**3 - 3/8*h**4 + 0*h - 2*h**2 + 0. What is the units digit of a(9)?
8
Let l = -43 - -344. What is the tens digit of l?
0
Let u be 3/(-9) - (-7)/3. Suppose 2*d - 6 + u = 0. Suppose 3*v + d - 15 = 2*f, 3*v - 5*f = 10. What is the units digit of v?
5
Let i = -14 + 26. Suppose 0 = p - 5 - i. What is the tens digit of p?
1
What is the tens digit of 34*12/8 + 4?
5
Let w(y) = -y. Let k(d) = -5*d. Let n(v) = k(v) - 2*w(v). Let h be n(-1). Suppose -h*j + 18 = -0*j. What is the units digit of j?
6
Let r be (-2 - -5)*(-8)/6. What is the units digit of (-9)/(-4)*(0 - r)?
9
Let l = -31 + 56. Let b be l*(2 + 18/(-15)). Let v = 28 - b. What is the units digit of v?
8
Suppose -1 = d, 330 = 2*o - 8*d + 4*d. What is the tens digit of o?
6
Let p(h) = h**2 + 3. Let w be p(-4). Let f = w + -12. What is the units digit of f?
7
Suppose 38*a = 33*a + 355. What is the units digit of a?
1
Suppose 5*p + 10 = 4*o + o, 3*p + 6 = 0. Suppose -2*h - 2*h + 8 = o. What is the units digit of h - ((-9)/3)/3?
3
Let z = 34 + 35. What is the units digit of z?
9
Suppose -5*x - 104 = -4*u, 2*x = -2*u - 0*x + 52. What is the tens digit of u?
2
Let o(w) be the second derivative of w**6/72 + w**5/60 - w**4/24 + 2*w**3/3 - 3*w. Let k(j) be the second derivative of o(j). What is the units digit of k(1)?
6
What is the units digit of (-102)/9*(-6)/4?
7
Let w(y) = 3*y**3 - 2*y + 1. Let v be w(1). Suppose 5*j - 2*n = 3*n + 50, v*j + 3*n = 25. What is the units digit of j?
1
Let p(x) = x**3 - 2*x**2 - 3*x + 2. Let b be p(4). Suppose 10*i = 9*i + b. What is the units digit of i?
2
Let i(j) = j + 11. Let m be i(-8). Suppose -5*d + 80 = 5*q, 3*d - 5*q = 51 - m. Suppose 4*b = -k + 44, d = b + k - 2*k. What is the units digit of b?
2
Suppose -5*y = 5*r + 40, 2*r - 3*y = -3*r - 16. Let b be 61/2 - r/10. Suppose -d + 4*o + 2 = 0, 4*d + o - b = -d. What is the units digit of d?
6
Let c = 473 - 208. What is the tens digit of c?
6
Suppose 3*d + 5*q - 29 = 227, -3*d + 272 = q. What is the units digit of d?
2
Let d be 0 - 1 - (0 + -3). Suppose 1 = 3*t - d. Let a(g) = 5*g**3 + 2*g**2 - 2*g + 1. What is the units digit of a(t)?
6
Let a be ((-1)/3)/((-2)/30). Suppose a*r - 11 = -2*k - 3, 3*r = 4*k - 42. Suppose 4*d = -1 + k. What is the units digit of d?
2
Let j(i) = 7*i + 0 - 2*i + 1 - 3*i. What is the units digit of j(1)?
3
What is the tens digit of (-54)/7*(-7)/1?
5
Let d = -53 - -38. Let j = d + 33. What is the tens digit of j?
1
Let m = 7 - 3. Suppose 3*i = 3 + 27. Let y = m + i. What is the units digit of y?
4
Let z(c) = -58*c - 4. What is the tens digit of z(-1)?
5
Suppose 0 = j - p - 51, -2*p - 120 - 34 = -3*j. Let y = 38 - 35. Suppose y*n - 26 = -3*w - 2, w = 5*n - j. What is the tens digit of n?
1
Let c be (-11)/(-2) - 3/6. Suppose 0 = -2*i + c*i + 3. What is the units digit of (i/2)/((-4)/16)?
2
Suppose 5*a - 22 = -4*o, -a + 2*o = -0*o + 4. Suppose 3*u = -a*y + 31, -3 + 1 = 2*y. What is the units digit of u?
1
Suppose 0 = 4*h + w + 4*w + 444, -224 = 2*h + 2*w. Let o = -71 - h. What is the tens digit of o?
4
Suppose 0 = -4*n + 3*r + 46, -4 - 2 = 3*r. What is the units digit of -4 + n + (-4)/2?
4
Let s(n) = -n**3 - 3*n**2 + n + 1. Let g be s(-2). Let p = 11 + g. What is the units digit of p?
6
Suppose 2*r = 5*r - 249. What is the units digit of r?
3
Suppose -8 = 5*k - 28. Suppose z = -3*q + 16, -q + k*z - 21 = -9. What is the units digit of q?
4
Let f = 34 + -22. What is the tens digit of f?
1
Let q(f) = 100*f**3 - 2*f + 2. What is the hundreds digit of q(1)?
1
Let q = 8 - 5. Let f = -3 + q. What is the units digit of (11 + f - 0) + -2?
9
Suppose 124 = 3*s + s. Suppose -4*m - a + s = -2*a, -5*a = -4*m + 11. What is the units digit of m?
9
What is the tens digit of 30/45 - (-1724)/6?
8
Let l(h) = -h**3 - 2*h**2 + 2*h. Let p = -7 - -4. Let m be l(p). Suppose m*n - 12 = 3. What is the units digit of n?
5
Let x = 0 - -27. What is the units digit of x?
7
Let k be 5/((-5)/(-4))*-2. Let c be ((-21)/2)/(6/k). Let j = 20 - c. What is the units digit of j?
6
Suppose -120 = -3*j + 2*j. Suppose -6*a + 24 = -j. What is the tens digit of a?
2
Let v be 3 + -3 + 1 + 3. Suppose -t - v = -2*a, 0 = a - t - t + 4. What is the units digit of (-12)/9*(-6)/a?
2
Let l(f) = -3*f - 4. Let y be l(-5). Let i(r) = r**3 - 12*r**2 + 9*r - 1. Let x be i(y). Let j = -11 - x. What is the units digit of j?
2
Suppose 0 = -s - 5 + 2, -57 = -5*y - s. Suppose y = 2*h - h. Suppose -4*a + 2*i = -i - h, -20 = -5*i. What is the units digit of a?
6
Let g(j) = j**2 + 7*j - 11. Let z be g(-8). What is the units digit of 287/(-14)*(z + 1)?
1
Let w(o) = 50*o**2 + 1. What is the tens digit of w(1)?
5
Let z = -5 - -57. Suppose -z = 11*i - 13*i. What is the tens digit of i?
2
Let z be (0 - (1 - 0))*-10. Suppose 3 + z = q. What is the units digit of q?
3
Suppose -2*i + 16 = -0*i. What is the units digit of 2/(3 - 22/i)?
8
Let p = -2 + 9. Suppose 4*u = -o - 3*o + 24, 2*u = -5*o + 21. Let b = p - u. What is the units digit of b?
4
Suppose 0 = 5*w + 130 - 545. What is the tens digit of w?
8
Suppose -2*w + 0*w = -140. What is the tens digit of (-4)/8 + w/4?
1
Suppose -6*j = -2*j - 16. Suppose 54 = -v + j*v. What is the tens digit of v?
1
Let t(o) be the third derivative of -5*o**4/24 + o**3/2 - 7*o**2. Let s = -5 + 2. What is the tens digit of t(s)?
1
Let z be 78/(-5) + 4/(-10). Let v be z*(-1 + (-3)/(-6)). Suppose -v*m + 3*m - 5*f + 15 = 0, -f - 15 = -5*m. What is the units digit of m?
3
Let i = 112 + -76. What is the units digit of i?
6
Suppose -3*f = -2 - 4. Suppose -3*m - 4*b - 5 = -2, 3*m = -b + 6. Suppose -3*x + 3*u - f + 14 = 0, -m*x + 14 = -4*u. What is the units digit of x?
2
Let p(s) = 4*s - 1. Let i be p(2). Let y(u) = 2*u. What is the tens digit of y(i)?
1
Suppose -12 - 23 = -7*p. What is the units digit of p?
5
What is the tens digit of -2*(-540)/8 - -2?
3
Suppose -2*f - 14 + 0 = 2*m, 2*f = -m - 10. Let v be 1 + m + 4/2. What is the units digit of 2 - v - (-2 - 2)?
7
Let k(a) = -3*a - 1. Let p be k(-3). Let z = 2 - 